 + 9. Give n(g).
-63
Let f(j) = -5*j**3 - 2*j**2 + 10*j - 39. Let p(k) = 4*k**3 + k**2 - 9*k + 32. Let t(d) = 5*f(d) + 6*p(d). Let w be (-4)/(-10)*(-6 + 1). Determine t(w).
-3
Let v(h) = h - 1 - 1 - 2*h. Suppose 0 + 7 = 3*s - 5*l, -s + l = -3. Suppose -2*d = 2*i - 24, -s*i = -3*d - 11 - 16. Determine v(i).
-11
Suppose 25736*c = -3*i + 25733*c - 3, i + 11 = c. Let l(b) = -1 - b**3 - 6*b**2 + 2 - 8 - 5*b. What is l(i)?
23
Let w(t) = -3*t**3 + 39*t**2 + 2*t - 31. Let a be w(13). Let s(p) = 11*p - 22*p - 4 + 3*p + 6*p. Determine s(a).
6
Suppose 7*p - p - 642 = 0. Let v = p + -168. Let y = v - -61. Let c(h) = h - 3. Determine c(y).
-3
Let z(u) = -3*u**2 + u + 260. Let v(k) = 4*k**2 - 2*k - 326. Let h(d) = 4*v(d) + 5*z(d). Let i = -15 - -21. Suppose 4*m - 6 = i. Calculate h(m).
-4
Suppose 3*o + 6 = 0, -2*o = -4*t + 7 + 33. Let u(d) = -d**3 + 9*d**2 + 3*d + 3. Give u(t).
30
Let q(f) = -439*f + 7 + 5*f**2 - 439*f + 887*f + 1. Calculate q(-1).
4
Let h(b) = -6907*b + 58 + 3473*b + 3423*b. Calculate h(6).
-8
Let r(g) = -g**3 - 5*g**2 - g + 4. Suppose 4*s = -5 + 9. Suppose -7 = -3*p - s. Suppose -2*w + 5*c = 23, 0 = 4*w + 7*c - p*c + 1. Calculate r(w).
-8
Let x(f) = -256*f + 2212. Let h(r) = -73*r + 633. Let j(b) = 32*h(b) - 9*x(b). Give j(11).
-4
Let a(k) be the second derivative of -3*k**3/2 - 25*k**2/2 + 129*k + 2. Give a(-2).
-7
Let f(x) = x**2 - 13*x - 1. Suppose -v - 2*h = 4*v - 296, -5*h = -2*v + 101. Suppose 7*g - v = 26. Give f(g).
-13
Let o(y) = 2*y**2 - 7*y + 11. Let t(q) = -q**2 + 8*q - 12. Let x(w) = 3*o(w) + 4*t(w). Determine x(-7).
6
Let p(j) = 14*j - 52. Let i be p(4). Let v(k) = 4*k**2 - 1 - i*k**2 + 3*k - k - 1 - k**2. Determine v(3).
-5
Let j = 3168 + -3159. Let u(w) be the second derivative of -j*w + 1/2*w**3 + 0 - 3*w**2. Determine u(4).
6
Suppose 5*r - 9*w + 4*w + 5 = 0, 0 = 3*r - 5*w + 11. Let q(k) be the second derivative of 0 + 1/4*k**4 + 14*k + 2*k**2 - 2/3*k**r. Determine q(3).
19
Let m be (9/(-4) - 9/(-36)) + 0. Let j(v) = v**3 - 4*v**2 - 2. Let g(o) = o**3 - 4*o**2 - 2*o - 2. Let k(q) = m*g(q) + 3*j(q). Determine k(2).
-2
Let p(h) = -1. Let v(g) = 2*g**2 - 26*g + 9. Let z(t) = 2*p(t) + v(t). What is z(13)?
7
Let a be 14*(0 + (-1)/(-1)). Let s = a + -23. Let i(m) be the first derivative of -m**2/2 - 2*m + 122. Give i(s).
7
Suppose -2*d - 4*s = -22, -40*s + 45*s = 4*d + 34. Let f(r) = 39*r. Let i(y) = 58*y. Let q(t) = -8*f(t) + 5*i(t). Give q(d).
22
Let o(l) = l**3 - l**2 + 5. Let p(w) = 139*w + 29. Let d be p(4). Let i = d + -585. Calculate o(i).
5
Let u(m) be the third derivative of -5/24*m**4 + 1/30*m**5 - 1/360*m**6 - 22*m**2 + 0 + 0*m - 4*m**3. Let f(k) be the first derivative of u(k). Determine f(4).
-5
Let o be ((-2)/(-4))/(10/60). Let l(f) = -2*f + 0*f**2 - 44*f**3 + 42*f**o + 0*f - 4*f**2 - 3*f**2. Give l(-3).
-3
Let g(j) be the third derivative of -1/6*j**3 - 2/15*j**6 + 2 + 44*j**2 - 1/24*j**4 + 1/60*j**5 + 0*j. Calculate g(-1).
17
Let q(w) = -w**3 - 2*w**2 + 3*w - 2. Let j(p) = -83*p + 25*p - 5 + 28*p + 29*p. Let s be j(-2). Let c be 3*(-1)/s*-3. What is q(c)?
-2
Let j(m) be the first derivative of -75 + 181*m**2 - 94*m**2 + 2*m - 86*m**2. Give j(-2).
-2
Let c(f) = 38*f**2 + f + 1. Let p(w) = 343*w**2 + 7*w - 104. Let y(b) = -9*c(b) + p(b). Determine y(11).
-14
Let g(i) = -401 + 100 + 101 + 5*i + 107 + 96. Let u = 10 + -16. Calculate g(u).
-27
Let l(f) = 6*f - 7. Let q be l(-6). Let t = -46 - q. Let v(y) = -y**2 - 4*y - 7. Let h be v(t). Let r(k) = -k**3 - 4*k**2 + 5. Give r(h).
5
Let j(x) = 203 - 66*x - 13 + 121 - 46. Determine j(4).
1
Let k(i) = -3 - 2 + 37*i + 9 - 34*i. Let q(j) = -4*j - 16. Let u(t) = -2*t - 9. Let g(h) = -3*q(h) + 5*u(h). Let o(c) = -6*g(c) + 5*k(c). Give o(2).
8
Let a(b) be the first derivative of 2*b**2 + 17*b - 1441. What is a(-8)?
-15
Let a(s) = -9*s**2 + 25*s - 53. Let n(c) = 7*c**2 - 24*c + 41. Let j(d) = -3*a(d) - 4*n(d). Give j(19).
33
Let a(o) = o**2 - o**2 + 5594 - 5*o**2 + 0*o - 2*o - 5595. Let s be 4/(-6) + (-8)/6. Give a(s).
-17
Let t(b) = 2*b**3 + b**2. Let m be (2/(-4))/((-4)/(-56)*7). What is t(m)?
-1
Let y(o) be the third derivative of -o**5/12 - 7259*o**2. Suppose -2*h - 4 = -2. Give y(h).
-5
Let o(u) = 1023 + 34*u + 723 + 586 - 3155. Calculate o(24).
-7
Let y(w) = 6*w**2 + 2*w - 1. Let k(f) = -2*f + 19. Let g(u) = 2*u - 20. Let b(n) = -6*g(n) - 5*k(n). Let v be b(8). Suppose -14 = -5*d - v. Give y(d).
7
Let w(g) = g**2 + 38*g + 139. Suppose 4*d = 2*l - 132, 29*d - 32*d + l - 100 = 0. Calculate w(d).
3
Let g be (-6)/26 - (-9016)/(-2392). Let d(l) = -l**2 - 5*l - 7. What is d(g)?
-3
Suppose 0 = -469*t - 144*t + 613. Let v(x) = -19*x**2 - 1 - 5*x**2 + 0. Determine v(t).
-25
Suppose 149*f = 152*f - 3*t - 24, -20 = 5*t. Let a(q) = -8*q + 18. Determine a(f).
-14
Let y be ((-6)/(-5))/((-213)/355). Let i(o) = 3*o**2 + 3*o + 2. Give i(y).
8
Suppose 5*v + 6 = 2*c - 0*v, 0 = -5*c + 3*v + 15. Suppose -c*d - d = 0. Let f(t) = 7*t - 39. Let k(l) = 3*l - 15. Let z(j) = -2*f(j) + 5*k(j). Give z(d).
3
Let v(x) = -44*x. Let d(j) = 177*j + 5. Let a(r) = -d(r) - 4*v(r). Give a(-9).
4
Let c(a) = -12*a - 2. Suppose 0 = w + 2*w + 12, -h + 22 = -w. Let u(l) = -h*l - 1 - 17 + 15. Let z(b) = -7*c(b) + 5*u(b). Determine z(1).
-7
Let s(j) = -50*j**2 - 17*j. Let g(c) = -25*c**2 - 7*c. Let r(k) = -7*g(k) + 3*s(k). What is r(-1)?
27
Let q(f) be the third derivative of -7*f**2 + 0*f + 1/60*f**5 + 0 + 1/3*f**3 - 1/8*f**4 + 1/60*f**6. What is q(-2)?
-4
Let k(o) = o**3 - 10*o**2 + 11*o + 20. Let s be 8650/(-692)*(-8)/10. What is k(s)?
130
Let t(l) be the second derivative of -l**4/4 + 16*l**3/3 + 11*l**2/2 + 8*l - 486. Calculate t(8).
75
Suppose w + 137 = 2*a, 1127*w - 1124*w - 37 = -a. Let h(p) = -2*p**3 + 128*p**2. Give h(a).
0
Let j(z) = 7*z**2 - 20. Let q(r) = -31*r**2 + 2*r + 80. Let o(n) = 9*j(n) + 2*q(n). Determine o(-7).
1
Let w(u) = -2*u**3 - 2*u + 22. Let p(z) = z**3 + z - 2. Let r(h) = -3*p(h) - w(h). Determine r(0).
-16
Let f(a) be the first derivative of -a**3 - 8*a**2 + 3*a + 296. What is f(-5)?
8
Let f(p) = -9*p**2 + 35*p + 3. Let g(t) = -t**2 + 6*t + 1. Let b(x) = -f(x) + 6*g(x). What is b(3)?
33
Let p(x) = 4*x**2 + 6*x + 1. Let u(y) be the first derivative of -y**3/3 + y**2/2 - 2*y - 170. Let r(j) = -p(j) - 5*u(j). What is r(8)?
-15
Suppose -3*m + 83 = 9*r + 26, -2*r + 36 = 4*m. Let j(n) = n**3 - 9*n**2 + 13*n - 3. What is j(m)?
-10
Let r(d) = -2*d - 13. Let u(x) = -4*x - 25. Let h(c) = -5*r(c) + 3*u(c). Let i be (-1)/(-1*4/(-648)). Let p be 43/(-9) + 36/i. Give h(p).
0
Let n(m) be the second derivative of m**5/60 - m**4/4 + m**3/2 - 29*m**2 + 72*m. Let r(b) be the first derivative of n(b). Calculate r(4).
-5
Let s be 1/(-3) - (1 - (-104)/(-6)). Suppose 46*y - 45*y = s. Let i be y/32*-7*(-2 + 4). Let p(u) = u**3 + 6*u**2 - 9*u. Determine p(i).
14
Let t(o) = -13*o**3 + 10*o**2 + 20*o + 2. Let y(z) = -11*z**3 + 10*z**2 + 14*z + 1. Let h(r) = -5*t(r) + 6*y(r). Calculate h(8).
-4
Let p(h) = -h - 5. Let g(i) = -10*i + 2. Let f be g(-1). Let y(a) = -81*a - f + 77*a - 2. Let d(c) = -8*p(c) + 3*y(c). Give d(-3).
10
Suppose -48*n = -220 + 604. Let c(k) = -k**3 - 9*k**2 - 6*k - 4. What is c(n)?
-20
Let x(j) = -3*j**3 + 4*j**3 + 91 + j - 286 - 7*j**2 + 96 + 3*j**2 + 92. Let c(u) = u**3 + 4*u**2 - 4*u - 2. Let a be c(-5). Let f = 12 + a. What is x(f)?
23
Let a be (3 + -1 + 2)/(4/6). Let d be (a/12)/((-1)/(-6)). Suppose 3*z - 15 = -d*x, x - 1 = 3*z - 0. Let r(l) = l**2 - 11*l + 5. Give r(x).
-23
Let s = -37424 - -37428. Let m(q) be the second derivative of 0*q**3 - 1/5*q**5 - 1/6*q**s + 43*q + 0 + 1/2*q**2. Determine m(-1).
3
Let j(c) be the third derivative of 5*c**4/24 + c**3/2 + 1991*c**2. What is j(3)?
18
Suppose 21*n + 498 + 204 = -6*n. Let z(p) = p**3 + 27*p**2 + 24*p - 46. Give z(n).
6
Let m(j) be the first derivative of -j**5/60 - j**4/8 + 2*j**3/3 + 135*j**2/2 + 107. Let a(n) be the second derivative of m(n). Give a(-4).
0
Let x(u) = 2 + 0*u - 6*u + 1 - 2*u**2 + 144*u**3 - 143*u**3. Give x(5).
48
Let s(w) = 55*w - 20. Let z(a) = 10*a - 3. Let r(t) = 4*s(t) - 26*z(t). What is r(-1)?
38
Let a = 128 - 136. Let x(m) = m**2 + 2*m - 47. Give x(a).
1
Suppose -320*n - 288 = -272*n. Let d(p) = -9*p + 1. Calculate d(n).
55
Let q(b) = 5*b**2 + 6*b + 4. Let k(g) = -9*g**2 - 11*g - 8. Let v(y) = 3*k(y) + 5